-p, 3*i = 4*p + 50. What is the highest common divisor of i and u?
18
Suppose 0 = 6*o - o + 40. Let u be (-12)/o + 69/6. Let c be 4/(16/42) + (-440)/(-176). What is the greatest common divisor of u and c?
13
Suppose 809 = -5*j + 5*b + 3369, 5*b - 20 = 0. Let q = 543 - j. What is the greatest common factor of 117 and q?
9
Suppose -12*l = -4303 - 4657 - 15964. Calculate the greatest common factor of 527 and l.
31
Let c(f) = -2*f**2 + 13*f + 21. Let j be c(10). Let d be j/(-21)*((0 - -9) + -3). What is the highest common factor of d and 21?
7
Suppose 0 = 49*z - 45*z - 36. Let s be (40/(-7))/((72/(-28))/z). Calculate the highest common factor of s and 30.
10
Suppose -4*c - 18 - 142 = 0. Let f be (2/3)/(c/(-3660)). Suppose w + f = 81. What is the greatest common factor of w and 160?
20
Let o be (1/3)/((-75)/(-42525)). Suppose -3*t + 336 = -5*l - 32, 10 = 5*l. Calculate the greatest common factor of o and t.
63
Let a(t) be the first derivative of t**4/4 - 20*t**3/3 - 57*t**2/2 + 18*t - 1. Let x be a(23). What is the greatest common divisor of 210 and x?
42
Let i be (-545)/(-30) - 7 - 3/18. What is the greatest common factor of i and 7051?
11
Let k = -3 - -71. Suppose 2*c + k = 5*u, -7*u + 2*c = -4*u - 44. Calculate the greatest common factor of 32 and u.
4
Suppose 171*l - 13776 = 48*l. Calculate the highest common factor of 3040 and l.
16
Let j = -56 - -32. Let b = -14 - j. Let w(n) = n**2 + 31*n - 220. Let t be w(6). What is the highest common divisor of b and t?
2
Let l(j) = j**2 + 3*j - 68. Let b be l(-10). Let a be (b - 3)/((-2)/6). What is the greatest common factor of 3 and a?
3
Let v(m) = 711*m**2 - 502*m - 2501. Let f be v(-5). Calculate the highest common factor of 234 and f.
234
Let w(b) = -76*b**3 - 68*b**2 + 2*b - 15. Let k be w(-5). Calculate the greatest common factor of 25 and k.
25
Let b = -308 - -308. Let j(a) = -a**2 + 136. Let g be j(b). Calculate the highest common divisor of g and 8.
8
Let k(h) = 11*h**2 - 78*h + 102. Let p be k(6). Calculate the highest common factor of p and 1040.
10
Suppose -2*y + 3*o = 541, 465 = -4*y - 5*o - 584. Let z = 268 + y. Let q(n) = -n**2 - 5*n + 3. Let b be q(-5). What is the highest common factor of b and z?
1
Let g be (3 - 29 - -52)/(9/8 - 1). Calculate the highest common divisor of g and 2768.
16
Suppose 4*b - 4*j = 2492, -9*b + 3*j = -11*b + 1251. Calculate the highest common factor of 96 and b.
48
Let v(x) = -x**3 - 6*x**2 - 7*x + 1. Let u be v(-5). Let n(b) = -b**2 + 10*b + 22. Let r be n(u). What is the highest common factor of r and 231?
11
Let g(u) = 7*u**2 - 10*u + 1. Let a be g(0). Calculate the highest common factor of a and 425.
1
Let n(k) = 43*k**2 - 118*k + 473. Let x be n(4). Let h(j) = 2*j**2 + 11*j - 10. Let a be h(-9). What is the greatest common divisor of a and x?
53
Let d = 23 - -84. Suppose -197 = 7*x + 230. Let i = d + x. Calculate the highest common factor of 23 and i.
23
Let x(t) = -5*t + 10*t + 23*t + 8 - 2*t**2. Let g be x(14). Let y be g/(-10) - (2 + (-868)/10). Calculate the highest common factor of 28 and y.
28
Suppose -3*i - 5*w = -24, i = -0*w + 4*w + 42. Calculate the greatest common factor of i and 243.
9
Suppose 4*b + b = -3*g + 32, -4*g + 8 = -2*b. Suppose 3*p = 2*y + 4*p - 60, 114 = b*y + 5*p. Let f = 93 - 31. Calculate the greatest common factor of y and f.
31
Let n(z) = z**2 + 130*z + 4314. Let s be n(-73). What is the greatest common divisor of 51 and s?
51
Let u be ((-69)/46)/(6/(-248)*(-4)/(-2)). Calculate the highest common factor of 930 and u.
31
Suppose 0 = 5*d - 39 - 26. Let t = 16 - 11. Suppose 0 = t*z - 415 - 300. What is the greatest common factor of z and d?
13
Suppose -5*o + 6 = 4*q, -5*o - 5*q - 36 + 41 = 0. Let b = 14 - 9. Suppose -3*t - b*f = -95, 3*f = -4*t + 121 + o. What is the highest common factor of 12 and t?
6
Let l(a) be the second derivative of 11/6*a**3 + a**2 + 0 - 25*a. Let h be l(1). Calculate the highest common factor of 117 and h.
13
Let y be -13 - -97 - (0 - 0). Let i = -27 + y. Suppose -5*s - 3*r + i = 0, 2*s - 2*r = -4*r + 22. What is the highest common divisor of s and 180?
12
Let l = 513 - 459. What is the highest common divisor of l and 768?
6
Let h be (0 + -94)*(-20)/(-160)*-8. Let t be 9 - 7 - 466/(-2). What is the greatest common factor of t and h?
47
Let d be (-5 + (-90)/24)*-4. Suppose 4*n = -11 + d. Let z(x) = -x**2 + 9*x - 5. Let o be z(7). What is the greatest common factor of n and o?
3
Let u be 560/95 - (-12)/114. Suppose -5 - 115 = -u*q. What is the highest common factor of 220 and q?
20
Let l be ((1 - -9)/5)/1. Let s be (-1300)/(-26) - (2 - l). Calculate the highest common factor of 450 and s.
50
Let n be (-26 + (15 - -4))*-30. What is the highest common divisor of 23730 and n?
210
Let l(c) = -c**2 - 12*c - 12. Suppose -7*f = -92 + 22. Suppose 14 = -3*t - f. Let o be l(t). Calculate the highest common factor of 50 and o.
10
Suppose -48*c = -40*c + 1408. Let n = 288 + c. Suppose b = -u + 2*b + 19, -u - b = -9. Calculate the greatest common factor of n and u.
14
Let p = -166 + 87. Let z = p + 145. Suppose 3*t - v - 294 = 0, -v = -11 + 8. Calculate the greatest common factor of t and z.
33
Suppose -61*d + 11*d = -36250. Calculate the highest common divisor of d and 200.
25
Let f be 0 + 105680/280 + (6/(-14) - -1). What is the greatest common factor of f and 840?
42
Let s(p) = 5 + p**3 - 25 + 9 + 4*p**2 + 12. Let r be s(-4). Suppose 5*t = 2*a + 11, 2*t - 1 = 2*a + r. Calculate the greatest common factor of 22 and a.
2
Let h(f) = f**2 + 20*f - 634. Let x be h(37). What is the greatest common divisor of x and 59?
59
Let t = 4764 - 4688. What is the highest common divisor of 4636 and t?
76
Let s be 28/(-6)*(419 - 425). What is the highest common factor of s and 9268?
28
Suppose 0 = -7*b + b + 1464. Let h = 388 - b. Let l be 6/(-10) + (-93)/(-5). Calculate the greatest common factor of h and l.
18
Suppose 4*b = -14 + 62. Suppose h = 2*s - 9, 5*h - 13 = b. Calculate the highest common factor of s and 28.
7
Let m = 1445 - 1429. Calculate the highest common factor of 208 and m.
16
Suppose 21*g - 23*g + 26 = 0. Let i = -20 + g. Let k be (-665)/i - (0/(-3))/2. What is the highest common divisor of k and 19?
19
Let w be 2 - 189/54 - 586/(-4). What is the highest common divisor of 1653 and w?
29
Suppose -5*t = 3*a - 767, 5*a + 790 = 4*t + 169. Suppose -138 = 42*o - 111*o. Calculate the highest common divisor of t and o.
2
Let c be (475 - (-4 + 4)) + 2. Let i = 90 - -108. Let m = c - i. What is the greatest common divisor of 31 and m?
31
Let b = -48 + 32. Let u = 10 + b. Let z be (-84)/(-10) + u/15. Calculate the greatest common factor of z and 4.
4
Let v = -3259 + 3289. Suppose 3*t = 35 + 19. What is the highest common divisor of v and t?
6
Suppose 9*f - 7963 = 5*s, 0 = 4*f + s - 2467 - 1056. Calculate the highest common divisor of f and 108.
18
Let y be (41 - (1 + 0)) + 0. Suppose -236 = -o - 5*c + 159, -3*o = -5*c - 1125. Calculate the highest common divisor of y and o.
20
Let c(h) = h**3 + 5*h**2 - 6*h + 8. Let b be c(-6). Let d be (758/(-12) - 4/(-24)) + 5. Let t = -54 - d. What is the greatest common factor of t and b?
4
Let o(h) = 189*h + 8978. Let n be o(-47). What is the highest common divisor of 57 and n?
19
Suppose 8 = -11*n + 41. Suppose n*w - 87 + 21 = 0. What is the highest common factor of w and 143?
11
Let n(i) = -132 + 24 + 46 + 52*i**2 + 40 - 6*i. Let k be n(-3). What is the greatest common divisor of k and 29?
29
Let o(m) = -6*m**2 - 586*m - 753. Let v be o(-96). What is the highest common divisor of 3818 and v?
23
Suppose 4*u = -a + 10, -a - 2*a = 2*u. Let b be a*7*442/(-119). Calculate the highest common divisor of b and 156.
52
Suppose 2*y = -0*o + 3*o, -2*o = 2*y - 10. Suppose o*q = -2*l + 302, -5*q + 3*l = -191 - 604. What is the greatest common factor of 52 and q?
52
Let q = -2361 + 2479. Calculate the greatest common factor of 6195 and q.
59
Let w(f) = -f**3 - 5*f**2 - 6*f + 2. Let y be w(-3). Suppose 21*v - y*v - 266 = 0. What is the highest common factor of v and 448?
14
Let j be (2/(-12))/(17/5848)*(-774)/4. What is the greatest common factor of j and 172?
86
Let g = 433 - -202. Calculate the highest common divisor of g and 127.
127
Let q(j) = 33*j**3 + 2*j**2 - 3. Let m be q(3). Suppose 4*u + 